{"id":26,"date":"2016-10-05T15:35:56","date_gmt":"2016-10-05T12:35:56","guid":{"rendered":"http:\/\/demo.cizoglubilisim.com\/EsenKadin-5\/?page_id=26"},"modified":"2016-10-13T22:54:33","modified_gmt":"2016-10-13T19:54:33","slug":"gizlilik-ilkesi","status":"publish","type":"page","link":"https:\/\/demo.cizoglubilisim.com\/EsenKadin-5\/gizlilik-ilkesi","title":{"rendered":"Gizlilik \u0130lkesi"},"content":{"rendered":"<p>siteniz.com sitesinde yer alan b\u00fct\u00fcn yaz\u0131lar, materyaller, resimler, ses dosyalar\u0131, animasyonlar, videolar, dizayn, tasar\u0131m ve d\u00fczenlemelerimizin telif haklar\u0131 5846 numaral\u0131 yasa telif haklar\u0131 korunmaktad\u0131r.<\/p>\n<p>Bunlar siteniz.com\u2019un yaz\u0131l\u0131 izni olmaks\u0131z\u0131n ticari olarak herhangi bir \u015fekilde kopyalanamaz, da\u011f\u0131t\u0131lamaz, de\u011fi\u015ftirilemez, yay\u0131nlanamaz.<\/p>\n<p>\u0130zinsiz ve kaynak belirtilmeksizin kopyalama ve kullan\u0131m\u0131 yap\u0131lamaz.<br \/>\nsiteniz.com\u2019daki harici linkler ayr\u0131 bir sayfada a\u00e7\u0131l\u0131r. siteniz.com harici linklerin sorumlulu\u011funu almaz.<br \/>\nsiteniz.com\u2019da hi\u00e7bir bildirim yap\u0131lmadan, herhangi bir zaman de\u011fi\u015fikli\u011fe gidilebilir.<br \/>\nYazarlar\u0131m\u0131z\u0131n ve ziyaret\u00e7ilerimizin yazm\u0131\u015f olduklar\u0131 yaz\u0131lardan siteniz.com sorumlu de\u011fildir.<\/p>\n","protected":false},"excerpt":{"rendered":"<p>siteniz.com sitesinde yer alan b\u00fct\u00fcn yaz\u0131lar, materyaller, resimler, ses dosyalar\u0131, animasyonlar, videolar, dizayn, tasar\u0131m ve d\u00fczenlemelerimizin telif haklar\u0131 5846 numaral\u0131 yasa telif haklar\u0131 korunmaktad\u0131r. Bunlar siteniz.com\u2019un yaz\u0131l\u0131 izni olmaks\u0131z\u0131n ticari olarak herhangi bir \u015fekilde kopyalanamaz, da\u011f\u0131t\u0131lamaz, de\u011fi\u015ftirilemez, yay\u0131nlanamaz. \u0130zinsiz ve kaynak belirtilmeksizin kopyalama ve kullan\u0131m\u0131 yap\u0131lamaz. siteniz.com\u2019daki harici linkler ayr\u0131 bir sayfada a\u00e7\u0131l\u0131r. siteniz.com harici [&hellip;]<\/p>\n","protected":false},"author":1,"featured_media":0,"parent":0,"menu_order":0,"comment_status":"closed","ping_status":"closed","template":"","meta":[],"_links":{"self":[{"href":"https:\/\/demo.cizoglubilisim.com\/EsenKadin-5\/wp-json\/wp\/v2\/pages\/26"}],"collection":[{"href":"https:\/\/demo.cizoglubilisim.com\/EsenKadin-5\/wp-json\/wp\/v2\/pages"}],"about":[{"href":"https:\/\/demo.cizoglubilisim.com\/EsenKadin-5\/wp-json\/wp\/v2\/types\/page"}],"author":[{"embeddable":true,"href":"https:\/\/demo.cizoglubilisim.com\/EsenKadin-5\/wp-json\/wp\/v2\/users\/1"}],"replies":[{"embeddable":true,"href":"https:\/\/demo.cizoglubilisim.com\/EsenKadin-5\/wp-json\/wp\/v2\/comments?post=26"}],"version-history":[{"count":2,"href":"https:\/\/demo.cizoglubilisim.com\/EsenKadin-5\/wp-json\/wp\/v2\/pages\/26\/revisions"}],"predecessor-version":[{"id":270,"href":"https:\/\/demo.cizoglubilisim.com\/EsenKadin-5\/wp-json\/wp\/v2\/pages\/26\/revisions\/270"}],"wp:attachment":[{"href":"https:\/\/demo.cizoglubilisim.com\/EsenKadin-5\/wp-json\/wp\/v2\/media?parent=26"}],"curies":[{"name":"wp","href":"https:\/\/api.w.org\/{rel}","templated":true}]}}