{"id":13,"date":"2019-05-24T22:15:02","date_gmt":"2019-05-24T19:15:02","guid":{"rendered":"http:\/\/demo.cizoglubilisim.com\/KRadio-1\/?page_id=13"},"modified":"2019-05-25T01:38:55","modified_gmt":"2019-05-24T22:38:55","slug":"programlar","status":"publish","type":"page","link":"https:\/\/demo.cizoglubilisim.com\/KRadio-1\/programlar\/","title":{"rendered":"Programlar"},"content":{"rendered":"<div id=\"pl-13\"  class=\"panel-layout\" ><div id=\"pg-13-0\"  class=\"panel-grid panel-has-style k-radio-container-full\" ><div class=\"siteorigin-panels-stretch panel-row-style panel-row-style-for-13-0\" data-stretch-type=\"full\" ><div id=\"pgc-13-0-0\"  class=\"panel-grid-cell\" ><div id=\"panel-13-0-0-0\" class=\"so-panel widget widget_sow-image panel-first-child panel-last-child\" data-index=\"0\" ><div class=\"so-widget-sow-image so-widget-sow-image-default-ad2c8d41f7a1\">\r\n\r\n<div class=\"sow-image-container\">\r\n\t<img src=\"https:\/\/demo.cizoglubilisim.com\/KRadio-1\/wp-content\/uploads\/2019\/05\/mic.jpg\" width=\"1920\" height=\"298\" srcset=\"https:\/\/demo.cizoglubilisim.com\/KRadio-1\/wp-content\/uploads\/2019\/05\/mic.jpg 1920w, https:\/\/demo.cizoglubilisim.com\/KRadio-1\/wp-content\/uploads\/2019\/05\/mic-300x47.jpg 300w, https:\/\/demo.cizoglubilisim.com\/KRadio-1\/wp-content\/uploads\/2019\/05\/mic-768x119.jpg 768w, https:\/\/demo.cizoglubilisim.com\/KRadio-1\/wp-content\/uploads\/2019\/05\/mic-1024x159.jpg 1024w\" sizes=\"(max-width: 1920px) 100vw, 1920px\" alt=\"\" \t\tclass=\"so-widget-image\"\/>\r\n<\/div>\r\n\r\n<\/div><\/div><\/div><\/div><\/div><div id=\"pg-13-1\"  class=\"panel-grid panel-has-style k-radio-container\" ><div class=\"panel-row-style panel-row-style-for-13-1\" ><div id=\"pgc-13-1-0\"  class=\"panel-grid-cell\" ><div id=\"panel-13-1-0-0\" class=\"so-panel widget widget_kradio_baslik panel-first-child\" data-index=\"1\" >\n    <style scope>\n        .baslik-6a08ad9e8db9f {\n            color: #424242 ;\n            font-size: 32px;\n            font-weight: 700;\n            letter-spacing: 8px;\n            display: flex;\n            align-items: center;\n            white-space: nowrap;\n        }\n\n        .baslik-6a08ad9e8db9f:after {\n            content: \"\";\n            position: relative;\n            display: flex;\n            height: 7px;\n            align-items: center;\n            width: 100%;\n            background: #00bcd4;\n            border-radius: 4px;\n        }\n\n        .baslik-player-6a08ad9e8db9f{\n            color:#00bcd4;\n            font-size:50px;\n\n        }\n    <\/style>\n\n\n <div class=\"KRadio_Baslik baslik-6a08ad9e8db9f\">\n <span class=\"icon-if_control-play_1288804 baslik-player-6a08ad9e8db9f\"><\/span>\nPROGRAMLAR    <\/div>\n\n        <\/div><div id=\"panel-13-1-0-1\" class=\"so-panel widget widget_kradio_programlar panel-last-child\" data-index=\"2\" >\n<style scope>\n.kradio-programlar-container {\n  display: flex;\n  flex-wrap: wrap;\n  margin: 0px -15px;\n}\n\n.kradio-programlar {\n    flex-grow: unset;\n    flex: 1 0 30%;\n    margin: 0px 15px;\n    position:relative;\n    overflow:hidden;\n}\n\n.image-container {\n\toverflow: hidden;\n    max-height: 280px;\n    line-height:0.7;\n\tborder-radius: 10px;\n}\n\n\n.kradio-programlar > a img {\n    height: 280px;\n    object-fit: cover;\n    width: 100%;\n\tborder-radius: 10px;\t\n}\n\n\n.kradio-programlar > a {\n    color: #000;\n    text-decoration:none;\n}\n\n.kradio-programlar > a > h3 {\n    text-transform: uppercase;\n    display: flex;\n    align-items: center;\n\tcolor:#000;\n    margin: 10px 0px 30px 0px;\n}\n\n.kradio-programlar > a > h3:before {\n    content: \"\";\n    position: relative;\n    display: flex;\n    height: 7px;\n    margin-right:10px;\n    align-items: center;\n    width: 10%;\n    background: #ffeb3b;\n    border-radius: 4px;\n}\n\n.sutun-6a08ad9e8dc6a {\nflex: 1 0 30%;\n}\n<\/style>\t\t\n\n\n\t\n\n\n<div class=\"kradio-programlar-container\">\n\n\n<div class=\"kradio-programlar sutun-6a08ad9e8dc6a\">\n<a href=\"https:\/\/demo.cizoglubilisim.com\/KRadio-1\/kara-gozlu-ile-sabah-sekeri\/\" title=\"Kara G\u00f6zl\u00fc ile Sabah \u015eekeri\">\n<div class=\"image-container image-effect\">\n<img src=\"https:\/\/demo.cizoglubilisim.com\/KRadio-1\/wp-content\/uploads\/2019\/05\/attractive-beautiful-beauty-783243.jpg\">\n<\/div>\n<h3>Kara G\u00f6zl\u00fc ile Sabah \u015eekeri<\/h3> \n<\/a>\n\n    <\/div><!--.kradio-programlar -->\n\n\n<div class=\"kradio-programlar sutun-6a08ad9e8dc6a\">\n<a href=\"https:\/\/demo.cizoglubilisim.com\/KRadio-1\/necati-yayinda\/\" title=\"Necati Yay\u0131nda\">\n<div class=\"image-container image-effect\">\n<img src=\"https:\/\/demo.cizoglubilisim.com\/KRadio-1\/wp-content\/uploads\/2019\/05\/adult-audience-audio-358129.jpg\">\n<\/div>\n<h3>Necati Yay\u0131nda<\/h3> \n<\/a>\n\n    <\/div><!--.kradio-programlar -->\n\n\n<div class=\"kradio-programlar sutun-6a08ad9e8dc6a\">\n<a href=\"https:\/\/demo.cizoglubilisim.com\/KRadio-1\/haber-saati\/\" title=\"Haber Saati\">\n<div class=\"image-container image-effect\">\n<img src=\"https:\/\/demo.cizoglubilisim.com\/KRadio-1\/wp-content\/uploads\/2019\/05\/microphone-2001751_640.png\">\n<\/div>\n<h3>Haber Saati<\/h3> \n<\/a>\n\n    <\/div><!--.kradio-programlar -->\n\n\n<div class=\"kradio-programlar sutun-6a08ad9e8dc6a\">\n<a href=\"https:\/\/demo.cizoglubilisim.com\/KRadio-1\/dj-kayra-ile-zamansiz\/\" title=\"Dj Kayra ile Zamans\u0131z\">\n<div class=\"image-container image-effect\">\n<img src=\"https:\/\/demo.cizoglubilisim.com\/KRadio-1\/wp-content\/uploads\/2019\/05\/amplifier-768536_640.png\">\n<\/div>\n<h3>Dj Kayra ile Zamans\u0131z<\/h3> \n<\/a>\n\n    <\/div><!--.kradio-programlar -->\n\n\n<div class=\"kradio-programlar sutun-6a08ad9e8dc6a\">\n<a href=\"https:\/\/demo.cizoglubilisim.com\/KRadio-1\/deep-music-remix\/\" title=\"Deep Music Remix\">\n<div class=\"image-container image-effect\">\n<img src=\"https:\/\/demo.cizoglubilisim.com\/KRadio-1\/wp-content\/uploads\/2019\/05\/apple-audience-blue-844928.jpg\">\n<\/div>\n<h3>Deep Music Remix<\/h3> \n<\/a>\n\n    <\/div><!--.kradio-programlar -->\n\n\n<div class=\"kradio-programlar sutun-6a08ad9e8dc6a\">\n<a href=\"https:\/\/demo.cizoglubilisim.com\/KRadio-1\/didem-yayinda\/\" title=\"Didem Yay\u0131nda\">\n<div class=\"image-container image-effect\">\n<img src=\"https:\/\/demo.cizoglubilisim.com\/KRadio-1\/wp-content\/uploads\/2019\/05\/girl-791686_640.jpg\">\n<\/div>\n<h3>Didem Yay\u0131nda<\/h3> \n<\/a>\n\n    <\/div><!--.kradio-programlar -->\n\n\n<div class=\"kradio-programlar sutun-6a08ad9e8dc6a\">\n<a href=\"https:\/\/demo.cizoglubilisim.com\/KRadio-1\/esen-ile-istek-saati\/\" title=\"Esen ile \u0130stek Saati\">\n<div class=\"image-container image-effect\">\n<img src=\"https:\/\/demo.cizoglubilisim.com\/KRadio-1\/wp-content\/uploads\/2019\/05\/vinyl-records-945396_1280-1024x682.jpg\">\n<\/div>\n<h3>Esen ile \u0130stek Saati<\/h3> \n<\/a>\n\n    <\/div><!--.kradio-programlar -->\n\n\n<div class=\"kradio-programlar sutun-6a08ad9e8dc6a\">\n<a href=\"https:\/\/demo.cizoglubilisim.com\/KRadio-1\/rafta-durmasin\/\" title=\"Rafta Durmas\u0131n\">\n<div class=\"image-container image-effect\">\n<img src=\"https:\/\/demo.cizoglubilisim.com\/KRadio-1\/wp-content\/uploads\/2019\/05\/radio-821602_1280-1024x682.jpg\">\n<\/div>\n<h3>Rafta Durmas\u0131n<\/h3> \n<\/a>\n\n    <\/div><!--.kradio-programlar -->\n\n\n<div class=\"kradio-programlar sutun-6a08ad9e8dc6a\">\n<a href=\"https:\/\/demo.cizoglubilisim.com\/KRadio-1\/dj-kemal-cizoglu\/\" title=\"DJ Kemal CIZO\u011eLU\">\n<div class=\"image-container image-effect\">\n<img src=\"https:\/\/demo.cizoglubilisim.com\/KRadio-1\/wp-content\/uploads\/2019\/05\/hip-hop-1912921_1280-1024x682.jpg\">\n<\/div>\n<h3>DJ Kemal CIZO\u011eLU<\/h3> \n<\/a>\n\n    <\/div><!--.kradio-programlar -->\n\n\n <\/div>\n\t \n\n\n\n        <\/div><\/div><\/div><\/div><\/div>","protected":false},"excerpt":{"rendered":"","protected":false},"author":1,"featured_media":0,"parent":0,"menu_order":0,"comment_status":"closed","ping_status":"closed","template":"template-parts\/content-front-page.php","meta":[],"_links":{"self":[{"href":"https:\/\/demo.cizoglubilisim.com\/KRadio-1\/wp-json\/wp\/v2\/pages\/13"}],"collection":[{"href":"https:\/\/demo.cizoglubilisim.com\/KRadio-1\/wp-json\/wp\/v2\/pages"}],"about":[{"href":"https:\/\/demo.cizoglubilisim.com\/KRadio-1\/wp-json\/wp\/v2\/types\/page"}],"author":[{"embeddable":true,"href":"https:\/\/demo.cizoglubilisim.com\/KRadio-1\/wp-json\/wp\/v2\/users\/1"}],"replies":[{"embeddable":true,"href":"https:\/\/demo.cizoglubilisim.com\/KRadio-1\/wp-json\/wp\/v2\/comments?post=13"}],"version-history":[{"count":12,"href":"https:\/\/demo.cizoglubilisim.com\/KRadio-1\/wp-json\/wp\/v2\/pages\/13\/revisions"}],"predecessor-version":[{"id":159,"href":"https:\/\/demo.cizoglubilisim.com\/KRadio-1\/wp-json\/wp\/v2\/pages\/13\/revisions\/159"}],"wp:attachment":[{"href":"https:\/\/demo.cizoglubilisim.com\/KRadio-1\/wp-json\/wp\/v2\/media?parent=13"}],"curies":[{"name":"wp","href":"https:\/\/api.w.org\/{rel}","templated":true}]}}