{"id":29,"date":"2019-05-24T22:28:20","date_gmt":"2019-05-24T19:28:20","guid":{"rendered":"http:\/\/demo.cizoglubilisim.com\/KRadio-1\/?page_id=29"},"modified":"2019-05-25T01:48:34","modified_gmt":"2019-05-24T22:48:34","slug":"kunye","status":"publish","type":"page","link":"https:\/\/demo.cizoglubilisim.com\/KRadio-1\/kunye\/","title":{"rendered":"K\u00fcnye"},"content":{"rendered":"<h2>Radyomuzun Y\u00f6netim Kurulu<\/h2>\n<p>Y\u00f6netim bilgileri<\/p>\n<p>k\u00fcnye detaylar\u0131<\/p>\n","protected":false},"excerpt":{"rendered":"<p>Radyomuzun Y\u00f6netim Kurulu Y\u00f6netim bilgileri k\u00fcnye detaylar\u0131<\/p>\n","protected":false},"author":1,"featured_media":164,"parent":0,"menu_order":0,"comment_status":"closed","ping_status":"closed","template":"","meta":[],"_links":{"self":[{"href":"https:\/\/demo.cizoglubilisim.com\/KRadio-1\/wp-json\/wp\/v2\/pages\/29"}],"collection":[{"href":"https:\/\/demo.cizoglubilisim.com\/KRadio-1\/wp-json\/wp\/v2\/pages"}],"about":[{"href":"https:\/\/demo.cizoglubilisim.com\/KRadio-1\/wp-json\/wp\/v2\/types\/page"}],"author":[{"embeddable":true,"href":"https:\/\/demo.cizoglubilisim.com\/KRadio-1\/wp-json\/wp\/v2\/users\/1"}],"replies":[{"embeddable":true,"href":"https:\/\/demo.cizoglubilisim.com\/KRadio-1\/wp-json\/wp\/v2\/comments?post=29"}],"version-history":[{"count":2,"href":"https:\/\/demo.cizoglubilisim.com\/KRadio-1\/wp-json\/wp\/v2\/pages\/29\/revisions"}],"predecessor-version":[{"id":165,"href":"https:\/\/demo.cizoglubilisim.com\/KRadio-1\/wp-json\/wp\/v2\/pages\/29\/revisions\/165"}],"wp:featuredmedia":[{"embeddable":true,"href":"https:\/\/demo.cizoglubilisim.com\/KRadio-1\/wp-json\/wp\/v2\/media\/164"}],"wp:attachment":[{"href":"https:\/\/demo.cizoglubilisim.com\/KRadio-1\/wp-json\/wp\/v2\/media?parent=29"}],"curies":[{"name":"wp","href":"https:\/\/api.w.org\/{rel}","templated":true}]}}